{"id":1353,"date":"2022-11-18T11:46:15","date_gmt":"2022-11-18T10:46:15","guid":{"rendered":"https:\/\/www.stufe-artel.it\/promo\/?page_id=1353"},"modified":"2023-06-28T10:01:07","modified_gmt":"2023-06-28T08:01:07","slug":"informativa-sul-trattamento-dei-dati","status":"publish","type":"page","link":"https:\/\/www.stufe-artel.it\/promo\/informativa-sul-trattamento-dei-dati\/","title":{"rendered":"Informativa sul trattamento dei dati"},"content":{"rendered":"<div class=\"vc_custom_heading_wrap \">\n<div class=\"heading-text el-text\">\n<h1 class=\"h1 font-weight-800 text-color-889616-color\">Informativa sul trattamento dei dati<\/h1>\n<\/div>\n<\/div>\n<div class=\"uncode_text_column\">\n<p class=\"p1\"><strong>Informativa ai sensi dell\u2019art. 13 del Regolamento Europeo sul trattamento dei dati personali(GDPR \u2013 Reg. U.E. 2016\/679)<\/strong><\/p>\n<p class=\"p1\">Ai sensi dell\u2019art. 13 del Regolamento UE 2016\/679 le vengono fornite le seguenti informazioni sul trattamento che potr\u00e0 avere luogo a seguito della compilazione e dell\u2019invio dei dati presenti nel modulo che sta per completare. Titolare del trattamento \u00e8 AMG Spa, con sede in Via delle Arti e dei Mestieri 20, San Vito di Leguzzano (VI) telefono 0445\/519933 contattabile all\u2019indirizzo email\u00a0<span class=\"s1\">privacy@amg-spa.com\u00a0<\/span>. I dati presenti nel modulo saranno utilizzati, a seguito della sua espressione del consenso al trattamento dei dati personali, per i seguenti scopi:<\/p>\n<p class=\"p1\">\u2013 per rispondere ai quesiti formulati e processare la richiesta di informazioni pervenuta al Titolare (obbligatorio);<\/p>\n<p class=\"p1\">\u2013 per inviare comunicazioni promozionali (facoltativo).<\/p>\n<p class=\"p1\">Le ricordiamo che i dati contraddistinti dal simbolo * (asterisco) dovranno essere forniti per poter usufruire dei servizi che intende richiedere; se tali dati non venissero compilati potrebbe non essere possibile fornirle tali servizi ed i dati stessi potrebbero non essere acquisiti, come potrebbe essere indicato in fase di compilazione. La compilazione degli altri dati presenti nel modulo \u00e8 facoltativa e lei \u00e8 libero di valutare se compilarli o meno. Potranno venire a conoscenza dei dati da lei comunicati gli addetti al trattamento del Titolare coinvolti nello svolgimento dei servizi da lei richiesti o nella gestione tecnica del sito (limitatamente ai casi in cui ci\u00f2 si dimostri indispensabile) ed eventuali soggetti terzi convolti nello svolgimento delle medesime attivit\u00e0 in qualit\u00e0 di responsabili del trattamento. I dati saranno comunicati ai soggetti competenti per l\u2019espletamento dei servizi necessari ad una corretta gestione della richiesta (autorizzati interni) ovvero alla nostra organizzazione di vendita diretta e indiretta tra cui a titolo esemplificativo e non esaustivo all\u2019area commerciale e contatto interessati, soggetti esterni designati come responsabili (agenti di commercio), ai quali sono impartite adeguate istruzioni operative. I dati saranno conservati fino al compimento dei servizi richiesti o alla sua richiesta di cancellazione, e, in caso di necessit\u00e0 organizzative o di obblighi normativi, potranno essere conservati in archivi specifici per il periodo strettamente necessario a tali scopi. Le ricordiamo la facolt\u00e0 di esercizio del diritto di chiedere al Titolare del trattamento l\u2019accesso ai dati personali, la rettifica o la cancellazione degli stessi, o la limitazione del trattamento che la riguarda e di opporsi a tale trattamento, oltre al diritto alla portabilit\u00e0 dei dati; potr\u00e0 esercitare tali diritti utilizzando i dati di contatto sopra riportati. Il consenso manifestato potr\u00e0 essere revocato in qualsiasi momento contattando il Titolare all\u2019indirizzo email indicato o utilizzando le modalit\u00e0 indicate dagli strumenti utilizzati per il trattamento. Le ricordiamo inoltre la facolt\u00e0 di rivolgersi per presentare un reclamo all\u2019Autorit\u00e0 di controllo, in Italia rappresentata dal Garante per la protezione dei dati personali (<span class=\"s1\">www.garanteprivacy.it<\/span>). Informazioni ulteriori sul Titolare del trattamento e sulle modalit\u00e0 di svolgimento dei trattamenti conseguenti alla navigazione in questo sito sono consultabili alla pagina in cui viene presentata la\u00a0<span class=\"s2\">Privacy Policy\u00a0<\/span>del sito stesso.<\/p>\n<\/div>\n","protected":false},"excerpt":{"rendered":"<p>Informativa sul trattamento dei dati Informativa ai sensi dell\u2019art. 13  [&#8230;]<\/p>\n","protected":false},"author":10,"featured_media":0,"parent":0,"menu_order":0,"comment_status":"closed","ping_status":"closed","template":"","meta":{"footnotes":""},"class_list":["post-1353","page","type-page","status-publish","hentry"],"yoast_head":"<!-- This site is optimized with the Yoast SEO plugin v20.8 - https:\/\/yoast.com\/wordpress\/plugins\/seo\/ -->\n<title>Informativa sul trattamento dei dati - Artel Clima &amp; Energia<\/title>\n<meta name=\"robots\" content=\"index, follow, max-snippet:-1, max-image-preview:large, max-video-preview:-1\" \/>\n<link rel=\"canonical\" href=\"https:\/\/www.stufe-artel.it\/promo\/informativa-sul-trattamento-dei-dati\/\" \/>\n<meta property=\"og:locale\" content=\"it_IT\" \/>\n<meta property=\"og:type\" content=\"article\" \/>\n<meta property=\"og:title\" content=\"Informativa sul trattamento dei dati - Artel Clima &amp; Energia\" \/>\n<meta property=\"og:description\" content=\"Informativa sul trattamento dei dati Informativa ai sensi dell\u2019art. 13 [...]\" \/>\n<meta property=\"og:url\" content=\"https:\/\/www.stufe-artel.it\/promo\/informativa-sul-trattamento-dei-dati\/\" \/>\n<meta property=\"og:site_name\" content=\"Artel Clima &amp; Energia\" \/>\n<meta property=\"article:publisher\" content=\"https:\/\/www.facebook.com\/ArtelClimaEnergia\/\" \/>\n<meta property=\"article:modified_time\" content=\"2023-06-28T08:01:07+00:00\" \/>\n<meta name=\"twitter:card\" content=\"summary_large_image\" \/>\n<meta name=\"twitter:label1\" content=\"Tempo di lettura stimato\" \/>\n\t<meta name=\"twitter:data1\" content=\"3 minuti\" \/>\n<script type=\"application\/ld+json\" class=\"yoast-schema-graph\">{\"@context\":\"https:\/\/schema.org\",\"@graph\":[{\"@type\":\"WebPage\",\"@id\":\"https:\/\/www.stufe-artel.it\/promo\/informativa-sul-trattamento-dei-dati\/\",\"url\":\"https:\/\/www.stufe-artel.it\/promo\/informativa-sul-trattamento-dei-dati\/\",\"name\":\"Informativa sul trattamento dei dati - Artel Clima &amp; Energia\",\"isPartOf\":{\"@id\":\"https:\/\/www.stufe-artel.it\/promo\/#website\"},\"datePublished\":\"2022-11-18T10:46:15+00:00\",\"dateModified\":\"2023-06-28T08:01:07+00:00\",\"breadcrumb\":{\"@id\":\"https:\/\/www.stufe-artel.it\/promo\/informativa-sul-trattamento-dei-dati\/#breadcrumb\"},\"inLanguage\":\"it-IT\",\"potentialAction\":[{\"@type\":\"ReadAction\",\"target\":[\"https:\/\/www.stufe-artel.it\/promo\/informativa-sul-trattamento-dei-dati\/\"]}]},{\"@type\":\"BreadcrumbList\",\"@id\":\"https:\/\/www.stufe-artel.it\/promo\/informativa-sul-trattamento-dei-dati\/#breadcrumb\",\"itemListElement\":[{\"@type\":\"ListItem\",\"position\":1,\"name\":\"Home\",\"item\":\"https:\/\/www.stufe-artel.it\/promo\/\"},{\"@type\":\"ListItem\",\"position\":2,\"name\":\"Informativa sul trattamento dei dati\"}]},{\"@type\":\"WebSite\",\"@id\":\"https:\/\/www.stufe-artel.it\/promo\/#website\",\"url\":\"https:\/\/www.stufe-artel.it\/promo\/\",\"name\":\"Artel Clima & Energia\",\"description\":\"Promozioni e Offerte Stufe a Pellet\",\"publisher\":{\"@id\":\"https:\/\/www.stufe-artel.it\/promo\/#organization\"},\"potentialAction\":[{\"@type\":\"SearchAction\",\"target\":{\"@type\":\"EntryPoint\",\"urlTemplate\":\"https:\/\/www.stufe-artel.it\/promo\/?s={search_term_string}\"},\"query-input\":\"required name=search_term_string\"}],\"inLanguage\":\"it-IT\"},{\"@type\":\"Organization\",\"@id\":\"https:\/\/www.stufe-artel.it\/promo\/#organization\",\"name\":\"Artel Clima Energia\",\"url\":\"https:\/\/www.stufe-artel.it\/promo\/\",\"logo\":{\"@type\":\"ImageObject\",\"inLanguage\":\"it-IT\",\"@id\":\"https:\/\/www.stufe-artel.it\/promo\/#\/schema\/logo\/image\/\",\"url\":\"https:\/\/www.stufe-artel.it\/promo\/wp-content\/uploads\/2017\/07\/LOGO_ARTEL_240.png\",\"contentUrl\":\"https:\/\/www.stufe-artel.it\/promo\/wp-content\/uploads\/2017\/07\/LOGO_ARTEL_240.png\",\"width\":240,\"height\":118,\"caption\":\"Artel Clima Energia\"},\"image\":{\"@id\":\"https:\/\/www.stufe-artel.it\/promo\/#\/schema\/logo\/image\/\"},\"sameAs\":[\"https:\/\/www.facebook.com\/ArtelClimaEnergia\/\"]}]}<\/script>\n<!-- \/ Yoast SEO plugin. -->","yoast_head_json":{"title":"Informativa sul trattamento dei dati - Artel Clima &amp; Energia","robots":{"index":"index","follow":"follow","max-snippet":"max-snippet:-1","max-image-preview":"max-image-preview:large","max-video-preview":"max-video-preview:-1"},"canonical":"https:\/\/www.stufe-artel.it\/promo\/informativa-sul-trattamento-dei-dati\/","og_locale":"it_IT","og_type":"article","og_title":"Informativa sul trattamento dei dati - Artel Clima &amp; Energia","og_description":"Informativa sul trattamento dei dati Informativa ai sensi dell\u2019art. 13 [...]","og_url":"https:\/\/www.stufe-artel.it\/promo\/informativa-sul-trattamento-dei-dati\/","og_site_name":"Artel Clima &amp; Energia","article_publisher":"https:\/\/www.facebook.com\/ArtelClimaEnergia\/","article_modified_time":"2023-06-28T08:01:07+00:00","twitter_card":"summary_large_image","twitter_misc":{"Tempo di lettura stimato":"3 minuti"},"schema":{"@context":"https:\/\/schema.org","@graph":[{"@type":"WebPage","@id":"https:\/\/www.stufe-artel.it\/promo\/informativa-sul-trattamento-dei-dati\/","url":"https:\/\/www.stufe-artel.it\/promo\/informativa-sul-trattamento-dei-dati\/","name":"Informativa sul trattamento dei dati - Artel Clima &amp; Energia","isPartOf":{"@id":"https:\/\/www.stufe-artel.it\/promo\/#website"},"datePublished":"2022-11-18T10:46:15+00:00","dateModified":"2023-06-28T08:01:07+00:00","breadcrumb":{"@id":"https:\/\/www.stufe-artel.it\/promo\/informativa-sul-trattamento-dei-dati\/#breadcrumb"},"inLanguage":"it-IT","potentialAction":[{"@type":"ReadAction","target":["https:\/\/www.stufe-artel.it\/promo\/informativa-sul-trattamento-dei-dati\/"]}]},{"@type":"BreadcrumbList","@id":"https:\/\/www.stufe-artel.it\/promo\/informativa-sul-trattamento-dei-dati\/#breadcrumb","itemListElement":[{"@type":"ListItem","position":1,"name":"Home","item":"https:\/\/www.stufe-artel.it\/promo\/"},{"@type":"ListItem","position":2,"name":"Informativa sul trattamento dei dati"}]},{"@type":"WebSite","@id":"https:\/\/www.stufe-artel.it\/promo\/#website","url":"https:\/\/www.stufe-artel.it\/promo\/","name":"Artel Clima & Energia","description":"Promozioni e Offerte Stufe a Pellet","publisher":{"@id":"https:\/\/www.stufe-artel.it\/promo\/#organization"},"potentialAction":[{"@type":"SearchAction","target":{"@type":"EntryPoint","urlTemplate":"https:\/\/www.stufe-artel.it\/promo\/?s={search_term_string}"},"query-input":"required name=search_term_string"}],"inLanguage":"it-IT"},{"@type":"Organization","@id":"https:\/\/www.stufe-artel.it\/promo\/#organization","name":"Artel Clima Energia","url":"https:\/\/www.stufe-artel.it\/promo\/","logo":{"@type":"ImageObject","inLanguage":"it-IT","@id":"https:\/\/www.stufe-artel.it\/promo\/#\/schema\/logo\/image\/","url":"https:\/\/www.stufe-artel.it\/promo\/wp-content\/uploads\/2017\/07\/LOGO_ARTEL_240.png","contentUrl":"https:\/\/www.stufe-artel.it\/promo\/wp-content\/uploads\/2017\/07\/LOGO_ARTEL_240.png","width":240,"height":118,"caption":"Artel Clima Energia"},"image":{"@id":"https:\/\/www.stufe-artel.it\/promo\/#\/schema\/logo\/image\/"},"sameAs":["https:\/\/www.facebook.com\/ArtelClimaEnergia\/"]}]}},"_links":{"self":[{"href":"https:\/\/www.stufe-artel.it\/promo\/wp-json\/wp\/v2\/pages\/1353","targetHints":{"allow":["GET"]}}],"collection":[{"href":"https:\/\/www.stufe-artel.it\/promo\/wp-json\/wp\/v2\/pages"}],"about":[{"href":"https:\/\/www.stufe-artel.it\/promo\/wp-json\/wp\/v2\/types\/page"}],"author":[{"embeddable":true,"href":"https:\/\/www.stufe-artel.it\/promo\/wp-json\/wp\/v2\/users\/10"}],"replies":[{"embeddable":true,"href":"https:\/\/www.stufe-artel.it\/promo\/wp-json\/wp\/v2\/comments?post=1353"}],"version-history":[{"count":3,"href":"https:\/\/www.stufe-artel.it\/promo\/wp-json\/wp\/v2\/pages\/1353\/revisions"}],"predecessor-version":[{"id":1402,"href":"https:\/\/www.stufe-artel.it\/promo\/wp-json\/wp\/v2\/pages\/1353\/revisions\/1402"}],"wp:attachment":[{"href":"https:\/\/www.stufe-artel.it\/promo\/wp-json\/wp\/v2\/media?parent=1353"}],"curies":[{"name":"wp","href":"https:\/\/api.w.org\/{rel}","templated":true}]}}

<div class="vc_custom_heading_wrap ">
<div class="heading-text el-text">
<h1 class="h1 font-weight-800 text-color-889616-color">Informativa sul trattamento dei dati</h1>
</div>
</div>
<div class="uncode_text_column">
<p class="p1"><strong>Informativa ai sensi dell’art. 13 del Regolamento Europeo sul trattamento dei dati personali(GDPR – Reg. U.E. 2016/679)</strong></p>
<p class="p1">Ai sensi dell’art. 13 del Regolamento UE 2016/679 le vengono fornite le seguenti informazioni sul trattamento che potrà avere luogo a seguito della compilazione e dell’invio dei dati presenti nel modulo che sta per completare. Titolare del trattamento è AMG Spa, con sede in Via delle Arti e dei Mestieri 20, San Vito di Leguzzano (VI) telefono 0445/519933 contattabile all’indirizzo email <span class="s1">privacy@amg-spa.com </span>. I dati presenti nel modulo saranno utilizzati, a seguito della sua espressione del consenso al trattamento dei dati personali, per i seguenti scopi:</p>
<p class="p1">– per rispondere ai quesiti formulati e processare la richiesta di informazioni pervenuta al Titolare (obbligatorio);</p>
<p class="p1">– per inviare comunicazioni promozionali (facoltativo).</p>
<p class="p1">Le ricordiamo che i dati contraddistinti dal simbolo * (asterisco) dovranno essere forniti per poter usufruire dei servizi che intende richiedere; se tali dati non venissero compilati potrebbe non essere possibile fornirle tali servizi ed i dati stessi potrebbero non essere acquisiti, come potrebbe essere indicato in fase di compilazione. La compilazione degli altri dati presenti nel modulo è facoltativa e lei è libero di valutare se compilarli o meno. Potranno venire a conoscenza dei dati da lei comunicati gli addetti al trattamento del Titolare coinvolti nello svolgimento dei servizi da lei richiesti o nella gestione tecnica del sito (limitatamente ai casi in cui ciò si dimostri indispensabile) ed eventuali soggetti terzi convolti nello svolgimento delle medesime attività in qualità di responsabili del trattamento. I dati saranno comunicati ai soggetti competenti per l’espletamento dei servizi necessari ad una corretta gestione della richiesta (autorizzati interni) ovvero alla nostra organizzazione di vendita diretta e indiretta tra cui a titolo esemplificativo e non esaustivo all’area commerciale e contatto interessati, soggetti esterni designati come responsabili (agenti di commercio), ai quali sono impartite adeguate istruzioni operative. I dati saranno conservati fino al compimento dei servizi richiesti o alla sua richiesta di cancellazione, e, in caso di necessità organizzative o di obblighi normativi, potranno essere conservati in archivi specifici per il periodo strettamente necessario a tali scopi. Le ricordiamo la facoltà di esercizio del diritto di chiedere al Titolare del trattamento l’accesso ai dati personali, la rettifica o la cancellazione degli stessi, o la limitazione del trattamento che la riguarda e di opporsi a tale trattamento, oltre al diritto alla portabilità dei dati; potrà esercitare tali diritti utilizzando i dati di contatto sopra riportati. Il consenso manifestato potrà essere revocato in qualsiasi momento contattando il Titolare all’indirizzo email indicato o utilizzando le modalità indicate dagli strumenti utilizzati per il trattamento. Le ricordiamo inoltre la facoltà di rivolgersi per presentare un reclamo all’Autorità di controllo, in Italia rappresentata dal Garante per la protezione dei dati personali (<span class="s1">www.garanteprivacy.it</span>). Informazioni ulteriori sul Titolare del trattamento e sulle modalità di svolgimento dei trattamenti conseguenti alla navigazione in questo sito sono consultabili alla pagina in cui viene presentata la <span class="s2">Privacy Policy </span>del sito stesso.</p>
</div>
